135a00?
-40135a04
In base 11, what is 1840 + 31a?
205a
In base 3, what is -1011200002 - -202001211?
-102121021
In base 6, what is 42022100301 + 5?
42022100310
In base 10, what is 19892148 - -2?
19892150
In base 12, what is -1054 - -563?
-6b1
In base 4, what is 3211313 - 103132?
3102121
In base 11, what is 101932233 + -1?
101932232
In base 11, what is -1273283 + -42?
-1273315
In base 9, what is 66404 + -83?
66311
In base 3, what is -100211111212 - 111?
-100211112100
In base 9, what is -5472 + -21821?
-27403
In base 12, what is 7a19b - -38?
7a217
In base 16, what is -1b0 - -a3ce8?
a3b38
In base 2, what is 10110001010001 - 100101100100?
10001011101101
In base 14, what is 35b4891 - -d?
35b48a0
In base 5, what is -13201233 - 333?
-13202121
In base 3, what is 111 + 1100200222100?
1100200222211
In base 3, what is 10202 - 1200022202?
-1200012000
In base 7, what is 33245244 + -55?
33245156
In base 3, what is -1 - -10012220102122201?
10012220102122200
In base 16, what is -33f465 + -4?
-33f469
In base 11, what is 1a + 11a82690?
11a826aa
In base 12, what is -15850 - 123?
-15973
In base 15, what is 4 + 82be8a?
82be8e
In base 13, what is 140 - -2394b?
23a8b
In base 2, what is 1011111101101011011 - -100010?
1011111101101111101
In base 9, what is 1133 + -6545?
-5412
In base 14, what is -4c3 + -50779?
-50c5c
In base 13, what is 6 - 1a6b095?
-1a6b08c
In base 11, what is -718a394 + 2?
-718a392
In base 4, what is -1011 + 100113213003?
100113211332
In base 4, what is 1 - 100130230120?
-100130230113
In base 7, what is 133505031 - 11?
133505020
In base 12, what is ab84 - -6015?
14b99
In base 14, what is -3 + 12b47116?
12b47113
In base 10, what is 4330669 + -5?
4330664
In base 14, what is -5dc5 + 2c?
-5d97
In base 11, what is -84160a + 0?
-84160a
In base 16, what is a + -454c4?
-454ba
In base 8, what is -1005 - -46501?
45474
In base 12, what is -3334 - -10729?
93b5
In base 5, what is 1144141 - 44033?
1100103
In base 3, what is -12202001012120222 + -2?
-12202001012121001
In base 16, what is -6c2 - -1986b?
191a9
In base 11, what is -392 + 61888?
614a6
In base 7, what is 2563112 - -50?
2563162
In base 5, what is -3143124200 + -20?
-3143124220
In base 9, what is -5 - 441054256?
-441054262
In base 12, what is -1bbb5a - 6?
-1bbb64
In base 3, what is 1001120101121 - -2222?
1001120111120
In base 13, what is 37847c + -2c?
378450
In base 16, what is 3a595c - -2?
3a595e
In base 3, what is 11122220112 - 1002210?
11121210202
In base 12, what is 1394b72 - -156?
1395108
In base 16, what is 0 + 33d0cd?
33d0cd
In base 15, what is 3d + -a8589?
-a854b
In base 9, what is 150356234 + -4?
150356230
In base 9, what is 403512 - -18?
403531
In base 8, what is 454 - -1314777?
1315453
In base 7, what is -304 + -11312460?
-11313064
In base 2, what is 10110000 - 101100101111010?
-101100011001010
In base 10, what is 118 + -523390?
-523272
In base 13, what is -2 - -16b2ac9?
16b2ac7
In base 9, what is 1821 + 18446?
21367
In base 14, what is -1c5c - 4d?
-1cab
In base 2, what is 1000010101111001101001 + -100?
1000010101111001100101
In base 13, what is 3 - 3b2a49?
-3b2a46
In base 13, what is -1 - -349c1c22?
349c1c21
In base 4, what is 31012131010111 + -12?
31012131010033
In base 7, what is -5625130205 - -1?
-5625130204
In base 2, what is 101001010110101110000 + -1001?
101001010110101100111
In base 3, what is -210021212100111 - 100?
-210021212100211
In base 13, what is 4 - 2b66449?
-2b66445
In base 6, what is 303053143 - -1?
303053144
In base 4, what is 12 + -33131013110320?
-33131013110302
In base 12, what is 1 + 41a123?
41a124
In base 16, what is e89 - 11a0?
-317
In base 12, what is 1 - 47318?
-47317
In base 3, what is 10 + 201020210010201?
201020210010211
In base 9, what is -646 - 3548301?
-3550047
In base 8, what is 14651312 + -167?
14651123
In base 3, what is -1100201222 + 121002?
-1100010220
In base 9, what is 248200 + 1614?
250814
In base 16, what is 22 - -4af43b?
4af45d
In base 8, what is -1762773054 - 0?
-1762773054
In base 4, what is -101301 + -2131022?
-2232323
In base 8, what is -3561 + 4164?
403
In base 15, what is 2dd - -63?
351
In base 16, what is -530d58 - 4?
-530d5c
In base 6, what is 11543531125 + 0?
11543531125
In base 7, what is 214555 + -650?
213605
In base 3, what is 12201021022222 + -11?
12201021022211
In base 9, what is -53058 + 36?
-53022
In base 14, what is 225 - -7314?
7539
In base 2, what is -1011011011111 - 110111010010?
-10010010110001
In base 16, what is 84a - -2b?
875
In base 10, what is 1 + 230653261?
230653262
In base 14, what is -3a29 - -4625?
9da
In base 3, what is -112212 + -10200111211?
-10201001200
In base 14, what is 596 - -1daa?
2562
In base 5, what is 21011403 - -1344?
21013302
In base 12, what is -1019a31 + -5?
-1019a36
In base 11, what is 3 + -5722029?
-5722026
In base 5, what is 1233022334 + -11?
1233022323
In base 3, what is -111001120012201 - -12?
-111001120012112
In base 11, what is -8a98695 + -17?
-8a98701
In base 15, what is -68963 + -1?
-68964
In base 2, what is 10101100111100010000 + 10011?
10101100111100100011
In base 14, what is 183828 + -14b?
1836bb
In base 6, what is 121255 - -4501?
130200
In base 5, what is -1413002 - -1422?
-1411030
In base 11, what is -4186 - -1735?
-2551
In base 4, what is 2 - 23220133333?
-23220133331
In base 2, what is -10011110010 + -10001111001?
-100101101011
In base 2, what is -100001101101101 + -110000100100?
-100111110010001
In base 6, what is 14204 + -132231?
-114023
In base 11, what is -7190772 + 5?
-7190768
In base 7, what is -461213 - 23?
-461236
In base 14, what is 1c + -315399?
-31537b
In base 2, what is 1000010110011111110011011 - -11?
1000010110011111110011110
In base 15, what is -513e5 - 3?
-513e8
In base 2, what is 10000100111111011101101000 - -101?
10000100111111011101101101
In base 12, what is -5054 - 1a4?
-5238
In base 7, what is -24615520 + 3?
-24615514
In base 12, what is 4049766a - 0?
4049766a
In base 7, what is 2 + -4013016?
-4013014
In base 2, what is -110001101101110 + -100101110?
-110010010011100
In base 2, what is 110011101010011001111 - 101001010?
110011101001110000101
In base 10, what is -49919346 + -4?
-49919350
In base 7, what is -2564625 + 1462?
-2563133
In base 11, what is -12a3 + -61?
-1354
In base 9, what is 33 + -4863864?
-4863831
In base 13, what is 186cb8a8 - -4?
186cb8ac
In base 9, what is 7 - 1578185?
-1578177
In base 9, what is -1777 - 1245?
-3133
In base 5, what is -3 + 3111142402?
3111142344
In base 16, what is -62 - 1438ff?
-143961
In base 12, what is -2457 - 10b5?
-3550
In base 11, what is -21810 + 2339?
-1a482
In base 3, what is 2111221212100202 - 10?
2111221212100122
In base 9, what is 121503 + 35?
121538
In base 5, what is 4 - -1131031203?
1131031212
In base 16, what is 2 + ba144c?
ba144e
In base 5, what is -223401412 - 34?
-223402001
In base 2, what is 110011000110 + 11000111101001001?
11001110000001111
In base 4, what is 312113203 + 12230?
312132033
In base 13, what is -3a - bbaab?
-bbb18
In base 2, what is -10101 + 101001100100010011100110?
101001100100010011010001
In base 16, what is -5d7f + 482?
-58fd
In base 11, what is -26 - -a3213a?
a32114
In base 14, what is 1c9 - -d016?
d201
In base 14, what is 6722 + 918?
723a
In base 4, what is 103223122132 + -11?
103223122121
In base 8, what is 45 + 574172?
574237
In base 4, what is 31 + -101001103?
-101001012
In base 2, what is -100 + -11000101110011101010110?
-11000101110011101011010
In base 14, what is 4 - -bb6b72?
bb6b76
In base 13, what is 44 + 21200?
21244
In base 11, what is -5198a33 - 4?
-5198a37
In base 12, what is -211 - 2639b?
-265b0
In base 6, what is -25535101 + 341?
-25534320
In base 7, what is 33 + 104313431?
104313464
In base 9, what is -1186852 - -22?
-1186830
In base 16, what is -4eff + 1d9?
-4d26
In base 13, what is -2403204 + 5?
-24031cc
In base 14, what is 26508 + 49?
26553
In base 16, what is -e3 - 167a?
-175d
In base 13, what is -2 + 4855ac?
4855aa
In base 4, what is 23 - 1213121200011?
-1213121133322
In base 10, what is -167454 + 1508?
-165946
In base 6, what is -4 + -2502325131?
-2502325135
In base 2, what is -100110111 - -101000110110010111?
101000110001100000
In base 11, what is 6a7a9 + -654?
6a155
In base 3, what is 11 - -111212100011020102?
111212100011020120
In base 13, what is -196 - 28c6?
-2a8c
I